Last updated on 2021-11-01 00:49:42 CET.
Flavor | Version | Tinstall | Tcheck | Ttotal | Status | Flags |
---|---|---|---|---|---|---|
r-devel-linux-x86_64-debian-clang | 1.0.3 | 12.73 | 111.11 | 123.84 | OK | |
r-devel-linux-x86_64-debian-gcc | 1.0.3 | 9.43 | 80.53 | 89.96 | OK | |
r-devel-linux-x86_64-fedora-clang | 1.0.3 | 165.30 | NOTE | |||
r-devel-linux-x86_64-fedora-gcc | 1.0.3 | 151.34 | OK | |||
r-devel-windows-x86_64 | 1.0.3 | 20.00 | 146.00 | 166.00 | OK | |
r-devel-windows-x86_64-gcc10-UCRT | 1.0.3 | OK | ||||
r-patched-linux-x86_64 | 1.0.3 | 12.42 | 110.46 | 122.88 | OK | |
r-patched-solaris-x86 | 1.0.3 | 285.30 | OK | |||
r-release-linux-x86_64 | 1.0.3 | 11.39 | 108.72 | 120.11 | OK | |
r-release-macos-arm64 | 1.0.3 | OK | ||||
r-release-macos-x86_64 | 1.0.3 | OK | ||||
r-release-windows-ix86+x86_64 | 1.0.3 | 21.00 | 146.00 | 167.00 | OK | |
r-oldrel-macos-x86_64 | 1.0.3 | OK | ||||
r-oldrel-windows-ix86+x86_64 | 1.0.3 | 14.00 | 149.00 | 163.00 | OK |
Version: 1.0.3
Check: Rd cross-references
Result: NOTE
Undeclared packages ‘nor1mix’, ‘ks’, ‘sm’, ‘locfit’, ‘orthopolynom’ in Rd xrefs
Flavor: r-devel-linux-x86_64-fedora-clang