CRAN Package Check Results for Package junctions

Last updated on 2021-11-01 00:49:42 CET.

Flavor Version Tinstall Tcheck Ttotal Status Flags
r-devel-linux-x86_64-debian-clang 2.0.1 59.53 133.15 192.68 OK
r-devel-linux-x86_64-debian-gcc 2.0.1 43.31 122.38 165.69 OK
r-devel-linux-x86_64-fedora-clang 2.0.1 269.53 OK
r-devel-linux-x86_64-fedora-gcc 2.0.1 274.16 OK
r-devel-windows-x86_64 2.0.1 87.00 146.00 233.00 OK
r-devel-windows-x86_64-gcc10-UCRT 2.0.1 OK
r-patched-linux-x86_64 2.0.1 53.03 154.73 207.76 OK
r-patched-solaris-x86 2.0.1 147.60 OK
r-release-linux-x86_64 2.0.1 52.25 155.25 207.50 OK
r-release-macos-arm64 2.0.1 NOTE
r-release-macos-x86_64 2.0.1 OK
r-release-windows-ix86+x86_64 2.0.1 119.00 192.00 311.00 OK
r-oldrel-macos-x86_64 2.0.1 OK
r-oldrel-windows-ix86+x86_64 2.0.1 116.00 240.00 356.00 OK

Check Details

Version: 2.0.1
Check: installed package size
Result: NOTE
     installed size is 5.3Mb
     sub-directories of 1Mb or more:
     doc 2.0Mb
     libs 3.2Mb
Flavor: r-release-macos-arm64