CRAN Package Check Results for Package journalabbr

Last updated on 2021-11-01 00:49:42 CET.

Flavor Version Tinstall Tcheck Ttotal Status Flags
r-devel-linux-x86_64-debian-clang 0.3.0 31.64 70.36 102.00 OK
r-devel-linux-x86_64-debian-gcc 0.3.0 28.08 55.98 84.06 OK
r-devel-linux-x86_64-fedora-clang 0.3.0 149.36 NOTE
r-devel-linux-x86_64-fedora-gcc 0.3.0 129.72 NOTE
r-devel-windows-x86_64 0.3.0 47.00 75.00 122.00 OK
r-devel-windows-x86_64-gcc10-UCRT 0.3.0 NOTE
r-patched-linux-x86_64 0.3.0 32.03 67.33 99.36 OK
r-patched-solaris-x86 0.3.0 224.80 NOTE
r-release-linux-x86_64 0.3.0 31.51 67.21 98.72 OK
r-release-macos-arm64 0.3.0 NOTE
r-release-macos-x86_64 0.3.0 NOTE
r-release-windows-ix86+x86_64 0.3.0 39.00 77.00 116.00 OK
r-oldrel-macos-x86_64 0.3.0 NOTE
r-oldrel-windows-ix86+x86_64 0.3.0 39.00 87.00 126.00 OK

Check Details

Version: 0.3.0
Check: dependencies in R code
Result: NOTE
    Namespaces in Imports field not imported from:
     ‘knitr’ ‘rmarkdown’
     All declared Imports should be used.
Flavors: r-devel-linux-x86_64-fedora-clang, r-devel-linux-x86_64-fedora-gcc, r-devel-windows-x86_64-gcc10-UCRT, r-patched-solaris-x86, r-release-macos-arm64, r-release-macos-x86_64, r-oldrel-macos-x86_64