CRAN Package Check Results for Package joineRML

Last updated on 2021-11-01 00:49:42 CET.

Flavor Version Tinstall Tcheck Ttotal Status Flags
r-devel-linux-x86_64-debian-clang 0.4.5 104.31 453.42 557.73 OK
r-devel-linux-x86_64-debian-gcc 0.4.5 86.67 350.77 437.44 OK
r-devel-linux-x86_64-fedora-clang 0.4.5 795.50 NOTE
r-devel-linux-x86_64-fedora-gcc 0.4.5 811.38 OK
r-devel-windows-x86_64 0.4.5 142.00 522.00 664.00 OK
r-devel-windows-x86_64-gcc10-UCRT 0.4.5 OK
r-patched-linux-x86_64 0.4.5 94.46 428.70 523.16 OK
r-patched-solaris-x86 0.4.5 754.70 OK
r-release-linux-x86_64 0.4.5 97.82 465.70 563.52 OK
r-release-macos-arm64 0.4.5 NOTE
r-release-macos-x86_64 0.4.5 NOTE
r-release-windows-ix86+x86_64 0.4.5 200.00 708.00 908.00 OK
r-oldrel-macos-x86_64 0.4.5 NOTE
r-oldrel-windows-ix86+x86_64 0.4.5 197.00 927.00 1124.00 OK

Check Details

Version: 0.4.5
Check: installed package size
Result: NOTE
     installed size is 6.6Mb
     sub-directories of 1Mb or more:
     data 1.3Mb
     libs 4.0Mb
Flavors: r-devel-linux-x86_64-fedora-clang, r-release-macos-arm64, r-release-macos-x86_64, r-oldrel-macos-x86_64