Last updated on 2021-11-01 00:49:42 CET.
Flavor | Version | Tinstall | Tcheck | Ttotal | Status | Flags |
---|---|---|---|---|---|---|
r-devel-linux-x86_64-debian-clang | 0.1.0 | 49.41 | 31.98 | 81.39 | OK | |
r-devel-linux-x86_64-debian-gcc | 0.1.0 | 47.74 | 25.42 | 73.16 | OK | |
r-devel-linux-x86_64-fedora-clang | 0.1.0 | 138.63 | NOTE | |||
r-devel-linux-x86_64-fedora-gcc | 0.1.0 | 138.38 | OK | |||
r-devel-windows-x86_64 | 0.1.0 | 49.00 | 66.00 | 115.00 | OK | |
r-patched-solaris-x86 | 0.1.0 | 122.80 | OK | |||
r-release-linux-x86_64 | 0.1.0 | 55.35 | 31.76 | 87.11 | OK | |
r-release-macos-arm64 | 0.1.0 | NOTE | ||||
r-release-macos-x86_64 | 0.1.0 | NOTE | ||||
r-oldrel-macos-x86_64 | 0.1.0 | NOTE | ||||
r-oldrel-windows-ix86+x86_64 | 0.1.0 | 128.00 | 81.00 | 209.00 | OK |
Version: 0.1.0
Check: installed package size
Result: NOTE
installed size is 6.5Mb
sub-directories of 1Mb or more:
libs 6.2Mb
Flavors: r-devel-linux-x86_64-fedora-clang, r-release-macos-arm64, r-release-macos-x86_64, r-oldrel-macos-x86_64