Last updated on 2021-11-01 00:49:42 CET.
Flavor | Version | Tinstall | Tcheck | Ttotal | Status | Flags |
---|---|---|---|---|---|---|
r-devel-linux-x86_64-debian-clang | 1.3.1 | 28.82 | 66.28 | 95.10 | OK | |
r-devel-linux-x86_64-debian-gcc | 1.3.1 | 24.13 | 53.11 | 77.24 | OK | |
r-devel-linux-x86_64-fedora-clang | 1.3.1 | 143.03 | OK | |||
r-devel-linux-x86_64-fedora-gcc | 1.3.1 | 122.66 | OK | |||
r-devel-windows-x86_64 | 1.3.1 | 43.00 | 73.00 | 116.00 | OK | |
r-devel-windows-x86_64-gcc10-UCRT | 1.3.1 | OK | ||||
r-patched-linux-x86_64 | 1.3.1 | 27.68 | 64.76 | 92.44 | OK | |
r-patched-solaris-x86 | 1.3.1 | 160.20 | OK | |||
r-release-linux-x86_64 | 1.3.1 | 25.69 | 65.45 | 91.14 | OK | |
r-release-macos-arm64 | 1.3.1 | OK | ||||
r-release-macos-x86_64 | 1.3.1 | OK | ||||
r-release-windows-ix86+x86_64 | 1.3.1 | 55.00 | 103.00 | 158.00 | OK | |
r-oldrel-macos-x86_64 | 1.1 | NOTE | ||||
r-oldrel-windows-ix86+x86_64 | 1.1 | 41.00 | 128.00 | 169.00 | OK |
Version: 1.1
Check: dependencies in R code
Result: NOTE
Namespace in Imports field not imported from: ‘timereg’
All declared Imports should be used.
Flavor: r-oldrel-macos-x86_64