CRAN Package Check Results for Package investr

Last updated on 2021-11-01 00:49:41 CET.

Flavor Version Tinstall Tcheck Ttotal Status Flags
r-devel-linux-x86_64-debian-clang 1.4.0 3.62 47.93 51.55 OK
r-devel-linux-x86_64-debian-gcc 1.4.0 3.83 36.36 40.19 OK
r-devel-linux-x86_64-fedora-clang 1.4.0 72.81 NOTE
r-devel-linux-x86_64-fedora-gcc 1.4.0 62.25 OK
r-devel-windows-x86_64 1.4.0 7.00 51.00 58.00 OK
r-devel-windows-x86_64-gcc10-UCRT 1.4.0 OK
r-patched-linux-x86_64 1.4.0 5.32 46.33 51.65 OK
r-patched-solaris-x86 1.4.0 83.30 OK
r-release-linux-x86_64 1.4.0 4.06 46.03 50.09 OK
r-release-macos-arm64 1.4.0 OK
r-release-macos-x86_64 1.4.0 OK
r-release-windows-ix86+x86_64 1.4.0 7.00 50.00 57.00 OK
r-oldrel-macos-x86_64 1.4.0 OK
r-oldrel-windows-ix86+x86_64 1.4.0 6.00 69.00 75.00 OK

Check Details

Version: 1.4.0
Check: Rd cross-references
Result: NOTE
    Undeclared package ‘nlstools’ in Rd xrefs
Flavor: r-devel-linux-x86_64-fedora-clang