Last updated on 2021-11-01 00:49:41 CET.
Flavor | Version | Tinstall | Tcheck | Ttotal | Status | Flags |
---|---|---|---|---|---|---|
r-devel-linux-x86_64-debian-clang | 1.1 | 6.99 | 68.87 | 75.86 | OK | |
r-devel-linux-x86_64-debian-gcc | 1.1 | 5.41 | 54.29 | 59.70 | OK | |
r-devel-linux-x86_64-fedora-clang | 1.1 | 104.29 | NOTE | |||
r-devel-linux-x86_64-fedora-gcc | 1.1 | 89.98 | NOTE | |||
r-devel-windows-x86_64 | 1.1 | 11.00 | 72.00 | 83.00 | OK | |
r-devel-windows-x86_64-gcc10-UCRT | 1.1 | NOTE | ||||
r-patched-linux-x86_64 | 1.1 | 8.42 | 65.66 | 74.08 | OK | |
r-patched-solaris-x86 | 1.1 | 128.80 | NOTE | |||
r-release-linux-x86_64 | 1.1 | 5.93 | 67.22 | 73.15 | OK | |
r-release-macos-arm64 | 1.1 | NOTE | ||||
r-release-macos-x86_64 | 1.1 | NOTE | ||||
r-release-windows-ix86+x86_64 | 1.1 | 11.00 | 64.00 | 75.00 | OK | |
r-oldrel-macos-x86_64 | 1.1 | NOTE | ||||
r-oldrel-windows-ix86+x86_64 | 1.1 | 12.00 | 100.00 | 112.00 | OK |
Version: 1.1
Check: dependencies in R code
Result: NOTE
Namespace in Imports field not imported from: ‘graphics’
All declared Imports should be used.
Flavors: r-devel-linux-x86_64-fedora-clang, r-devel-linux-x86_64-fedora-gcc, r-devel-windows-x86_64-gcc10-UCRT, r-patched-solaris-x86, r-release-macos-arm64, r-release-macos-x86_64, r-oldrel-macos-x86_64
Version: 1.1
Check: data for non-ASCII characters
Result: NOTE
Note: found 11653 marked UTF-8 strings
Flavors: r-devel-linux-x86_64-fedora-clang, r-devel-linux-x86_64-fedora-gcc, r-devel-windows-x86_64-gcc10-UCRT, r-patched-solaris-x86, r-release-macos-arm64, r-release-macos-x86_64, r-oldrel-macos-x86_64