CRAN Package Check Results for Package interplot

Last updated on 2021-11-01 00:49:41 CET.

Flavor Version Tinstall Tcheck Ttotal Status Flags
r-devel-linux-x86_64-debian-clang 0.2.3 15.07 132.11 147.18 NOTE
r-devel-linux-x86_64-debian-gcc 0.2.3 11.77 97.75 109.52 NOTE
r-devel-linux-x86_64-fedora-clang 0.2.3 184.50 NOTE
r-devel-linux-x86_64-fedora-gcc 0.2.3 171.20 NOTE
r-devel-windows-x86_64 0.2.3 22.00 112.00 134.00 NOTE
r-devel-windows-x86_64-gcc10-UCRT 0.2.3 NOTE
r-patched-linux-x86_64 0.2.3 14.89 124.29 139.18 NOTE
r-patched-solaris-x86 0.2.3 212.00 NOTE
r-release-linux-x86_64 0.2.3 12.94 124.10 137.04 NOTE
r-release-macos-arm64 0.2.3 NOTE
r-release-macos-x86_64 0.2.3 NOTE
r-release-windows-ix86+x86_64 0.2.3 22.00 121.00 143.00 NOTE
r-oldrel-macos-x86_64 0.2.3 OK
r-oldrel-windows-ix86+x86_64 0.2.3 23.00 181.00 204.00 OK

Check Details

Version: 0.2.3
Check: LazyData
Result: NOTE
     'LazyData' is specified without a 'data' directory
Flavors: r-devel-linux-x86_64-debian-clang, r-devel-linux-x86_64-debian-gcc, r-devel-linux-x86_64-fedora-clang, r-devel-linux-x86_64-fedora-gcc, r-devel-windows-x86_64, r-devel-windows-x86_64-gcc10-UCRT, r-patched-linux-x86_64, r-patched-solaris-x86, r-release-linux-x86_64, r-release-macos-arm64, r-release-macos-x86_64, r-release-windows-ix86+x86_64