Last updated on 2021-11-01 00:49:41 CET.
Flavor | Version | Tinstall | Tcheck | Ttotal | Status | Flags |
---|---|---|---|---|---|---|
r-devel-linux-x86_64-debian-clang | 2.3.1 | 21.32 | 200.19 | 221.51 | NOTE | |
r-devel-linux-x86_64-debian-gcc | 2.3.1 | 15.69 | 147.92 | 163.61 | NOTE | |
r-devel-linux-x86_64-fedora-clang | 2.3.1 | 353.41 | OK | |||
r-devel-linux-x86_64-fedora-gcc | 2.3.1 | 339.33 | OK | |||
r-devel-windows-x86_64 | 2.3.1 | 32.00 | 207.00 | 239.00 | OK | |
r-devel-windows-x86_64-gcc10-UCRT | 2.3.1 | NOTE | ||||
r-patched-linux-x86_64 | 2.3.1 | 26.40 | 191.17 | 217.57 | NOTE | |
r-patched-solaris-x86 | 2.3.1 | 343.40 | NOTE | |||
r-release-linux-x86_64 | 2.3.1 | 20.66 | 192.18 | 212.84 | NOTE | |
r-release-macos-arm64 | 2.3.1 | NOTE | ||||
r-release-macos-x86_64 | 2.3.1 | NOTE | ||||
r-release-windows-ix86+x86_64 | 2.3.1 | 31.00 | 214.00 | 245.00 | OK | |
r-oldrel-macos-x86_64 | 2.3.1 | NOTE | ||||
r-oldrel-windows-ix86+x86_64 | 2.3.1 | 29.00 | 258.00 | 287.00 | OK |
Version: 2.3.1
Check: package dependencies
Result: NOTE
Package suggested but not available for checking: 'INLA'
Flavors: r-devel-linux-x86_64-debian-clang, r-devel-linux-x86_64-debian-gcc, r-devel-windows-x86_64-gcc10-UCRT, r-patched-linux-x86_64, r-patched-solaris-x86, r-release-linux-x86_64, r-release-macos-arm64, r-release-macos-x86_64, r-oldrel-macos-x86_64