Last updated on 2021-11-01 00:49:41 CET.
Flavor | Version | Tinstall | Tcheck | Ttotal | Status | Flags |
---|---|---|---|---|---|---|
r-devel-linux-x86_64-debian-clang | 1.0.0 | 9.05 | 428.44 | 437.49 | OK | |
r-devel-linux-x86_64-debian-gcc | 1.0.0 | 6.55 | 311.63 | 318.18 | OK | |
r-devel-linux-x86_64-fedora-clang | 1.0.0 | 553.24 | NOTE | |||
r-devel-linux-x86_64-fedora-gcc | 1.0.0 | 526.50 | OK | |||
r-devel-windows-x86_64 | 1.0.0 | 14.00 | 402.00 | 416.00 | OK | |
r-devel-windows-x86_64-gcc10-UCRT | 1.0.0 | OK | ||||
r-patched-linux-x86_64 | 1.0.0 | 9.51 | 418.54 | 428.05 | OK | |
r-patched-solaris-x86 | 1.0.0 | 227.40 | OK | |||
r-release-linux-x86_64 | 1.0.0 | 8.68 | 418.29 | 426.97 | OK | |
r-release-macos-arm64 | 1.0.0 | OK | ||||
r-release-macos-x86_64 | 1.0.0 | OK | ||||
r-release-windows-ix86+x86_64 | 1.0.0 | 13.00 | 351.00 | 364.00 | OK | |
r-oldrel-macos-x86_64 | 1.0.0 | OK | ||||
r-oldrel-windows-ix86+x86_64 | 1.0.0 | 13.00 | 449.00 | 462.00 | OK |
Version: 1.0.0
Check: Rd cross-references
Result: NOTE
Undeclared package ‘parsnip’ in Rd xrefs
Flavor: r-devel-linux-x86_64-fedora-clang