CRAN Package Check Results for Package individual

Last updated on 2021-11-01 00:49:41 CET.

Flavor Version Tinstall Tcheck Ttotal Status Flags
r-devel-linux-x86_64-debian-clang 0.1.7 109.98 44.63 154.61 OK
r-devel-linux-x86_64-debian-gcc 0.1.7 89.22 34.87 124.09 OK
r-devel-linux-x86_64-fedora-clang 0.1.7 285.46 NOTE
r-devel-linux-x86_64-fedora-gcc 0.1.7 242.95 OK
r-devel-windows-x86_64 0.1.7 131.00 72.00 203.00 OK
r-devel-windows-x86_64-gcc10-UCRT 0.1.7 OK
r-patched-linux-x86_64 0.1.7 106.85 45.49 152.34 OK
r-patched-solaris-x86 0.1.7 170.90 OK
r-release-linux-x86_64 0.1.7 110.69 45.10 155.79 OK
r-release-macos-arm64 0.1.7 NOTE
r-release-macos-x86_64 0.1.7 NOTE
r-release-windows-ix86+x86_64 0.1.7 222.00 92.00 314.00 OK
r-oldrel-macos-x86_64 0.1.7 NOTE
r-oldrel-windows-ix86+x86_64 0.1.7 214.00 100.00 314.00 OK

Check Details

Version: 0.1.7
Check: installed package size
Result: NOTE
     installed size is 10.1Mb
     sub-directories of 1Mb or more:
     libs 8.8Mb
Flavors: r-devel-linux-x86_64-fedora-clang, r-release-macos-arm64, r-release-macos-x86_64, r-oldrel-macos-x86_64