Last updated on 2021-11-01 00:49:41 CET.
Flavor | Version | Tinstall | Tcheck | Ttotal | Status | Flags |
---|---|---|---|---|---|---|
r-devel-linux-x86_64-debian-clang | 0.2.3 | 3.08 | 39.49 | 42.57 | OK | |
r-devel-linux-x86_64-debian-gcc | 0.2.3 | 2.42 | 29.73 | 32.15 | OK | |
r-devel-linux-x86_64-fedora-clang | 0.2.3 | 61.81 | NOTE | |||
r-devel-linux-x86_64-fedora-gcc | 0.2.3 | 51.90 | OK | |||
r-devel-windows-x86_64 | 0.2.3 | 6.00 | 82.00 | 88.00 | OK | |
r-devel-windows-x86_64-gcc10-UCRT | 0.2.3 | OK | ||||
r-patched-linux-x86_64 | 0.2.3 | 3.09 | 38.08 | 41.17 | OK | |
r-patched-solaris-x86 | 0.2.3 | 79.20 | OK | |||
r-release-linux-x86_64 | 0.2.3 | 2.99 | 37.46 | 40.45 | OK | |
r-release-macos-arm64 | 0.2.3 | OK | ||||
r-release-macos-x86_64 | 0.2.3 | OK | ||||
r-release-windows-ix86+x86_64 | 0.2.3 | 5.00 | 67.00 | 72.00 | OK | |
r-oldrel-macos-x86_64 | 0.2.3 | OK | ||||
r-oldrel-windows-ix86+x86_64 | 0.2.3 | 5.00 | 87.00 | 92.00 | OK |
Version: 0.2.3
Check: Rd cross-references
Result: NOTE
Undeclared packages ‘bmp’, ‘jpeg’, ‘png’, ‘tiff’ in Rd xrefs
Flavor: r-devel-linux-x86_64-fedora-clang