CRAN Package Check Results for Package iconr

Last updated on 2021-11-01 00:49:41 CET.

Flavor Version Tinstall Tcheck Ttotal Status Flags
r-devel-linux-x86_64-debian-clang 0.1.0 3.56 55.89 59.45 NOTE
r-devel-linux-x86_64-debian-gcc 0.1.0 2.56 36.69 39.25 NOTE
r-devel-linux-x86_64-fedora-clang 0.1.0 78.53 NOTE
r-devel-linux-x86_64-fedora-gcc 0.1.0 62.86 NOTE
r-devel-windows-x86_64 0.1.0 6.00 54.00 60.00 NOTE
r-devel-windows-x86_64-gcc10-UCRT 0.1.0 NOTE
r-patched-linux-x86_64 0.1.0 3.02 45.75 48.77 NOTE
r-patched-solaris-x86 0.1.0 62.90 NOTE
r-release-linux-x86_64 0.1.0 3.30 45.37 48.67 NOTE
r-release-macos-arm64 0.1.0 NOTE
r-release-macos-x86_64 0.1.0 NOTE
r-release-windows-ix86+x86_64 0.1.0 5.00 50.00 55.00 NOTE
r-oldrel-macos-x86_64 0.1.0 OK
r-oldrel-windows-ix86+x86_64 0.1.0 5.00 64.00 69.00 OK

Check Details

Version: 0.1.0
Check: LazyData
Result: NOTE
     'LazyData' is specified without a 'data' directory
Flavors: r-devel-linux-x86_64-debian-clang, r-devel-linux-x86_64-debian-gcc, r-devel-linux-x86_64-fedora-clang, r-devel-linux-x86_64-fedora-gcc, r-devel-windows-x86_64, r-devel-windows-x86_64-gcc10-UCRT, r-patched-linux-x86_64, r-patched-solaris-x86, r-release-linux-x86_64, r-release-macos-arm64, r-release-macos-x86_64, r-release-windows-ix86+x86_64

Version: 0.1.0
Check: installed package size
Result: NOTE
     installed size is 5.5Mb
     sub-directories of 1Mb or more:
     doc 2.8Mb
     help 1.9Mb
Flavor: r-patched-solaris-x86