CRAN Package Check Results for Package icenReg

Last updated on 2021-11-01 00:49:41 CET.

Flavor Version Tinstall Tcheck Ttotal Status Flags
r-devel-linux-x86_64-debian-clang 2.0.15 70.17 166.47 236.64 OK
r-devel-linux-x86_64-debian-gcc 2.0.15 54.18 123.78 177.96 OK
r-devel-linux-x86_64-fedora-clang 2.0.15 322.27 NOTE
r-devel-linux-x86_64-fedora-gcc 2.0.15 309.14 OK
r-devel-windows-x86_64 2.0.15 88.00 267.00 355.00 OK
r-devel-windows-x86_64-gcc10-UCRT 2.0.15 OK
r-patched-linux-x86_64 2.0.15 63.43 164.11 227.54 OK
r-patched-solaris-x86 2.0.15 394.80 OK
r-release-linux-x86_64 2.0.15 64.04 165.62 229.66 OK
r-release-macos-arm64 2.0.15 NOTE
r-release-macos-x86_64 2.0.15 NOTE
r-release-windows-ix86+x86_64 2.0.15 105.00 290.00 395.00 OK
r-oldrel-macos-x86_64 2.0.15 NOTE
r-oldrel-windows-ix86+x86_64 2.0.15 110.00 344.00 454.00 OK

Check Details

Version: 2.0.15
Check: installed package size
Result: NOTE
     installed size is 14.3Mb
     sub-directories of 1Mb or more:
     libs 12.9Mb
Flavors: r-devel-linux-x86_64-fedora-clang, r-release-macos-arm64, r-release-macos-x86_64, r-oldrel-macos-x86_64