Last updated on 2021-11-01 00:49:41 CET.
Flavor | Version | Tinstall | Tcheck | Ttotal | Status | Flags |
---|---|---|---|---|---|---|
r-devel-linux-x86_64-debian-clang | 1.50.0 | 20.17 | 139.92 | 160.09 | NOTE | |
r-devel-linux-x86_64-debian-gcc | 1.50.0 | 16.78 | 103.58 | 120.36 | NOTE | |
r-devel-linux-x86_64-fedora-clang | 1.50.0 | 213.78 | NOTE | |||
r-devel-linux-x86_64-fedora-gcc | 1.50.0 | 199.06 | NOTE | |||
r-devel-windows-x86_64 | 1.50.0 | 34.00 | 152.00 | 186.00 | OK | |
r-devel-windows-x86_64-gcc10-UCRT | 1.50.0 | NOTE | ||||
r-patched-linux-x86_64 | 1.50.0 | 22.04 | 133.01 | 155.05 | NOTE | |
r-patched-solaris-x86 | 1.50.0 | 253.90 | NOTE | |||
r-release-linux-x86_64 | 1.50.0 | 20.91 | 131.76 | 152.67 | NOTE | |
r-release-macos-arm64 | 1.50.0 | OK | ||||
r-release-macos-x86_64 | 1.50.0 | NOTE | ||||
r-release-windows-ix86+x86_64 | 1.50.0 | 29.00 | 124.00 | 153.00 | OK | |
r-oldrel-macos-x86_64 | 1.50.0 | OK | ||||
r-oldrel-windows-ix86+x86_64 | 1.50.0 | 30.00 | 166.00 | 196.00 | OK |
Version: 1.50.0
Check: package dependencies
Result: NOTE
Package suggested but not available for checking: 'SparkR'
Flavors: r-devel-linux-x86_64-debian-clang, r-devel-linux-x86_64-debian-gcc, r-devel-linux-x86_64-fedora-clang, r-devel-linux-x86_64-fedora-gcc, r-devel-windows-x86_64-gcc10-UCRT, r-patched-linux-x86_64, r-patched-solaris-x86, r-release-linux-x86_64, r-release-macos-x86_64