Last updated on 2021-11-01 00:49:41 CET.
Flavor | Version | Tinstall | Tcheck | Ttotal | Status | Flags |
---|---|---|---|---|---|---|
r-devel-linux-x86_64-debian-clang | 0.2.0 | 5.72 | 52.32 | 58.04 | OK | |
r-devel-linux-x86_64-debian-gcc | 0.2.0 | 4.03 | 39.19 | 43.22 | OK | |
r-devel-linux-x86_64-fedora-clang | 0.2.0 | 79.70 | NOTE | |||
r-devel-linux-x86_64-fedora-gcc | 0.2.0 | 62.08 | NOTE | |||
r-devel-windows-x86_64 | 0.2.0 | 11.00 | 60.00 | 71.00 | WARN | |
r-devel-windows-x86_64-gcc10-UCRT | 0.2.0 | WARN | ||||
r-patched-linux-x86_64 | 0.2.0 | 11.50 | 49.62 | 61.12 | OK | |
r-patched-solaris-x86 | 0.2.0 | 96.90 | NOTE | |||
r-release-linux-x86_64 | 0.2.0 | 4.77 | 48.77 | 53.54 | OK | |
r-release-macos-arm64 | 0.2.0 | NOTE | ||||
r-release-macos-x86_64 | 0.2.0 | NOTE | ||||
r-release-windows-ix86+x86_64 | 0.2.0 | 11.00 | 52.00 | 63.00 | OK | |
r-oldrel-macos-x86_64 | 0.2.0 | NOTE | ||||
r-oldrel-windows-ix86+x86_64 | 0.2.0 | 11.00 | 75.00 | 86.00 | WARN |
Version: 0.2.0
Check: Rd cross-references
Result: NOTE
Undeclared package ‘knitr’ in Rd xrefs
Flavor: r-devel-linux-x86_64-fedora-clang
Version: 0.2.0
Check: data for non-ASCII characters
Result: NOTE
Note: found 1 marked UTF-8 string
Flavors: r-devel-linux-x86_64-fedora-clang, r-devel-linux-x86_64-fedora-gcc, r-devel-windows-x86_64-gcc10-UCRT, r-patched-solaris-x86, r-release-macos-arm64, r-release-macos-x86_64, r-oldrel-macos-x86_64
Version: 0.2.0
Check: R files for syntax errors
Result: WARN
Warning in file 'R/grading_tables.R':
unable to translate 'Erf<U+00FC>llt' to native encoding
Flavors: r-devel-windows-x86_64, r-devel-windows-x86_64-gcc10-UCRT, r-oldrel-windows-ix86+x86_64