CRAN Package Check Results for Package iCiteR

Last updated on 2021-11-01 00:49:41 CET.

Flavor Version Tinstall Tcheck Ttotal Status Flags
r-devel-linux-x86_64-debian-clang 0.2.1 2.21 26.16 28.37 NOTE
r-devel-linux-x86_64-debian-gcc 0.2.1 1.72 22.03 23.75 NOTE
r-devel-linux-x86_64-fedora-clang 0.2.1 48.16 NOTE
r-devel-linux-x86_64-fedora-gcc 0.2.1 36.77 NOTE
r-devel-windows-x86_64 0.2.1 4.00 55.00 59.00 NOTE
r-devel-windows-x86_64-gcc10-UCRT 0.2.1 NOTE
r-patched-linux-x86_64 0.2.1 2.44 26.85 29.29 NOTE
r-patched-solaris-x86 0.2.1 55.40 NOTE
r-release-linux-x86_64 0.2.1 2.27 26.87 29.14 NOTE
r-release-macos-arm64 0.2.1 NOTE
r-release-macos-x86_64 0.2.1 NOTE
r-release-windows-ix86+x86_64 0.2.1 4.00 49.00 53.00 NOTE
r-oldrel-macos-x86_64 0.2.1 OK
r-oldrel-windows-ix86+x86_64 0.2.1 4.00 61.00 65.00 OK

Check Details

Version: 0.2.1
Check: LazyData
Result: NOTE
     'LazyData' is specified without a 'data' directory
Flavors: r-devel-linux-x86_64-debian-clang, r-devel-linux-x86_64-debian-gcc, r-devel-linux-x86_64-fedora-clang, r-devel-linux-x86_64-fedora-gcc, r-devel-windows-x86_64, r-devel-windows-x86_64-gcc10-UCRT, r-patched-linux-x86_64, r-patched-solaris-x86, r-release-linux-x86_64, r-release-macos-arm64, r-release-macos-x86_64, r-release-windows-ix86+x86_64