CRAN Package Check Results for Package iBATCGH

Last updated on 2021-11-01 00:49:41 CET.

Flavor Version Tinstall Tcheck Ttotal Status Flags
r-devel-linux-x86_64-debian-clang 1.3.1 293.60 66.66 360.26 OK
r-devel-linux-x86_64-debian-gcc 1.3.1 225.33 53.36 278.69 OK
r-devel-linux-x86_64-fedora-clang 1.3.1 621.59 NOTE
r-devel-linux-x86_64-fedora-gcc 1.3.1 529.37 NOTE
r-devel-windows-x86_64 1.3.1 420.00 81.00 501.00 OK
r-devel-windows-x86_64-gcc10-UCRT 1.3.1 OK
r-patched-linux-x86_64 1.3.1 274.78 65.92 340.70 OK
r-patched-solaris-x86 1.3.1 446.30 OK
r-release-linux-x86_64 1.3.1 274.10 65.77 339.87 OK
r-release-macos-arm64 1.3.1 NOTE
r-release-macos-x86_64 1.3.1 NOTE
r-release-windows-ix86+x86_64 1.3.1 593.00 103.00 696.00 NOTE
r-oldrel-macos-x86_64 1.3.1 NOTE
r-oldrel-windows-ix86+x86_64 1.3.1 629.00 134.00 763.00 NOTE

Check Details

Version: 1.3.1
Check: installed package size
Result: NOTE
     installed size is 8.1Mb
     sub-directories of 1Mb or more:
     data 3.0Mb
     libs 5.0Mb
Flavors: r-devel-linux-x86_64-fedora-clang, r-release-macos-arm64, r-release-macos-x86_64, r-release-windows-ix86+x86_64, r-oldrel-macos-x86_64, r-oldrel-windows-ix86+x86_64

Version: 1.3.1
Check: compiled code
Result: NOTE
    File ‘iBATCGH/libs/iBATCGH.so’:
     Found no calls to: ‘R_registerRoutines’, ‘R_useDynamicSymbols’
    
    It is good practice to register native routines and to disable symbol
    search.
    
    See ‘Writing portable packages’ in the ‘Writing R Extensions’ manual.
Flavors: r-devel-linux-x86_64-fedora-clang, r-devel-linux-x86_64-fedora-gcc