CRAN Package Check Results for Package hunspell

Last updated on 2021-11-01 00:49:40 CET.

Flavor Version Tinstall Tcheck Ttotal Status Flags
r-devel-linux-x86_64-debian-clang 3.0.1 55.59 42.85 98.44 OK
r-devel-linux-x86_64-debian-gcc 3.0.1 48.12 40.09 88.21 OK
r-devel-linux-x86_64-fedora-clang 3.0.1 179.34 NOTE
r-devel-linux-x86_64-fedora-gcc 3.0.1 160.48 OK
r-devel-windows-x86_64 3.0.1 77.00 85.00 162.00 OK
r-devel-windows-x86_64-gcc10-UCRT 3.0.1 OK
r-patched-linux-x86_64 3.0.1 57.57 48.14 105.71 OK
r-patched-solaris-x86 3.0.1 146.80 OK
r-release-linux-x86_64 3.0.1 56.41 48.01 104.42 OK
r-release-macos-arm64 3.0.1 NOTE
r-release-macos-x86_64 3.0.1 NOTE
r-release-windows-ix86+x86_64 3.0.1 129.00 115.00 244.00 NOTE
r-oldrel-macos-x86_64 3.0.1 NOTE
r-oldrel-windows-ix86+x86_64 3.0.1 125.00 128.00 253.00 NOTE

Check Details

Version: 3.0.1
Check: installed package size
Result: NOTE
     installed size is 7.3Mb
     sub-directories of 1Mb or more:
     dict 1.5Mb
     doc 1.2Mb
     libs 4.5Mb
Flavors: r-devel-linux-x86_64-fedora-clang, r-release-macos-arm64, r-release-macos-x86_64, r-release-windows-ix86+x86_64, r-oldrel-macos-x86_64, r-oldrel-windows-ix86+x86_64