Last updated on 2021-11-01 00:49:40 CET.
Flavor | Version | Tinstall | Tcheck | Ttotal | Status | Flags |
---|---|---|---|---|---|---|
r-devel-linux-x86_64-debian-clang | 2.0.4 | 36.90 | 349.62 | 386.52 | OK | |
r-devel-linux-x86_64-debian-gcc | 2.0.4 | 28.60 | 259.49 | 288.09 | OK | |
r-devel-linux-x86_64-fedora-clang | 2.0.4 | 477.39 | NOTE | |||
r-devel-linux-x86_64-fedora-gcc | 2.0.4 | 459.59 | OK | |||
r-devel-windows-x86_64 | 2.0.4 | 48.00 | 351.00 | 399.00 | NOTE | |
r-devel-windows-x86_64-gcc10-UCRT | 2.0.4 | OK | --no-vignettes | |||
r-patched-linux-x86_64 | 2.0.4 | 34.72 | 359.65 | 394.37 | OK | |
r-patched-solaris-x86 | 2.0.4 | 446.40 | NOTE | |||
r-release-linux-x86_64 | 2.0.4 | 34.26 | 357.15 | 391.41 | OK | |
r-release-macos-arm64 | 2.0.4 | NOTE | ||||
r-release-macos-x86_64 | 2.0.4 | NOTE | ||||
r-release-windows-ix86+x86_64 | 2.0.4 | 44.00 | 458.00 | 502.00 | NOTE | |
r-oldrel-macos-x86_64 | 2.0.4 | NOTE | ||||
r-oldrel-windows-ix86+x86_64 | 2.0.4 | 47.00 | 582.00 | 629.00 | NOTE |
Version: 2.0.4
Check: installed package size
Result: NOTE
installed size is 7.5Mb
sub-directories of 1Mb or more:
data 4.5Mb
doc 1.5Mb
Flavors: r-devel-linux-x86_64-fedora-clang, r-devel-windows-x86_64, r-patched-solaris-x86, r-release-macos-arm64, r-release-macos-x86_64, r-release-windows-ix86+x86_64, r-oldrel-macos-x86_64, r-oldrel-windows-ix86+x86_64