Last updated on 2021-11-01 00:49:40 CET.
Flavor | Version | Tinstall | Tcheck | Ttotal | Status | Flags |
---|---|---|---|---|---|---|
r-devel-linux-x86_64-debian-clang | 1.2.1 | 204.00 | 34.31 | 238.31 | OK | |
r-devel-linux-x86_64-debian-gcc | 1.2.1 | 164.21 | 27.22 | 191.43 | OK | |
r-devel-linux-x86_64-fedora-clang | 1.2.1 | 383.41 | NOTE | |||
r-devel-linux-x86_64-fedora-gcc | 1.2.1 | 346.73 | OK | |||
r-devel-windows-x86_64 | 1.2.1 | 256.00 | 60.00 | 316.00 | OK | |
r-devel-windows-x86_64-gcc10-UCRT | 1.2.1 | OK | ||||
r-patched-linux-x86_64 | 1.2.1 | 189.45 | 34.79 | 224.24 | OK | |
r-patched-solaris-x86 | 1.2.1 | 297.90 | OK | |||
r-release-linux-x86_64 | 1.2.1 | 176.98 | 34.11 | 211.09 | OK | |
r-release-macos-arm64 | 1.2.1 | NOTE | ||||
r-release-macos-x86_64 | 1.2.1 | NOTE | ||||
r-release-windows-ix86+x86_64 | 1.2.1 | 382.00 | 67.00 | 449.00 | OK | |
r-oldrel-macos-x86_64 | 1.2.1 | NOTE | ||||
r-oldrel-windows-ix86+x86_64 | 1.2.1 | 355.00 | 82.00 | 437.00 | OK |
Version: 1.2.1
Check: installed package size
Result: NOTE
installed size is 14.0Mb
sub-directories of 1Mb or more:
libs 13.7Mb
Flavors: r-devel-linux-x86_64-fedora-clang, r-release-macos-arm64, r-release-macos-x86_64, r-oldrel-macos-x86_64