CRAN Package Check Results for Package hit

Last updated on 2021-11-01 00:49:40 CET.

Flavor Version Tinstall Tcheck Ttotal Status Flags
r-devel-linux-x86_64-debian-clang 0.4.0 24.63 91.63 116.26 OK
r-devel-linux-x86_64-debian-gcc 0.4.0 18.83 70.07 88.90 OK
r-devel-linux-x86_64-fedora-clang 0.4.0 161.06 NOTE
r-devel-linux-x86_64-fedora-gcc 0.4.0 141.58 NOTE
r-devel-windows-x86_64 0.4.0 34.00 92.00 126.00 OK
r-devel-windows-x86_64-gcc10-UCRT 0.4.0 OK
r-patched-linux-x86_64 0.4.0 23.35 90.23 113.58 OK
r-patched-solaris-x86 0.4.0 187.20 OK
r-release-linux-x86_64 0.4.0 21.66 88.36 110.02 OK
r-release-macos-arm64 0.4.0 OK
r-release-macos-x86_64 0.4.0 OK
r-release-windows-ix86+x86_64 0.4.0 50.00 140.00 190.00 OK
r-oldrel-macos-x86_64 0.4.0 OK
r-oldrel-windows-ix86+x86_64 0.4.0 44.00 175.00 219.00 OK

Check Details

Version: 0.4.0
Check: compiled code
Result: NOTE
    File ‘hit/libs/hit.so’:
     Found no calls to: ‘R_registerRoutines’, ‘R_useDynamicSymbols’
    
    It is good practice to register native routines and to disable symbol
    search.
    
    See ‘Writing portable packages’ in the ‘Writing R Extensions’ manual.
Flavors: r-devel-linux-x86_64-fedora-clang, r-devel-linux-x86_64-fedora-gcc