CRAN Package Check Results for Package hipread

Last updated on 2021-11-01 00:49:40 CET.

Flavor Version Tinstall Tcheck Ttotal Status Flags
r-devel-linux-x86_64-debian-clang 0.2.2 130.73 42.13 172.86 NOTE
r-devel-linux-x86_64-debian-gcc 0.2.2 104.21 31.63 135.84 NOTE
r-devel-linux-x86_64-fedora-clang 0.2.2 291.75 NOTE
r-devel-linux-x86_64-fedora-gcc 0.2.2 253.79 NOTE
r-devel-windows-x86_64 0.2.2 218.00 56.00 274.00 NOTE
r-devel-windows-x86_64-gcc10-UCRT 0.2.2 NOTE
r-patched-linux-x86_64 0.2.2 123.50 39.84 163.34 NOTE
r-patched-solaris-x86 0.2.2 252.80 NOTE
r-release-linux-x86_64 0.2.2 125.09 39.84 164.93 NOTE
r-release-macos-arm64 0.2.2 NOTE
r-release-macos-x86_64 0.2.2 NOTE
r-release-windows-ix86+x86_64 0.2.2 301.00 80.00 381.00 NOTE
r-oldrel-macos-x86_64 0.2.2 NOTE
r-oldrel-windows-ix86+x86_64 0.2.2 318.00 100.00 418.00 OK

Check Details

Version: 0.2.2
Check: LazyData
Result: NOTE
     'LazyData' is specified without a 'data' directory
Flavors: r-devel-linux-x86_64-debian-clang, r-devel-linux-x86_64-debian-gcc, r-devel-linux-x86_64-fedora-clang, r-devel-linux-x86_64-fedora-gcc, r-devel-windows-x86_64, r-devel-windows-x86_64-gcc10-UCRT, r-patched-linux-x86_64, r-patched-solaris-x86, r-release-linux-x86_64, r-release-macos-arm64, r-release-macos-x86_64, r-release-windows-ix86+x86_64

Version: 0.2.2
Check: installed package size
Result: NOTE
     installed size is 5.8Mb
     sub-directories of 1Mb or more:
     libs 5.4Mb
Flavors: r-release-macos-arm64, r-oldrel-macos-x86_64