CRAN Package Check Results for Package hilbertSimilarity

Last updated on 2021-11-01 00:49:40 CET.

Flavor Version Tinstall Tcheck Ttotal Status Flags
r-devel-linux-x86_64-debian-clang 0.4.3 16.77 186.21 202.98 NOTE
r-devel-linux-x86_64-debian-gcc 0.4.3 11.14 137.20 148.34 NOTE
r-devel-linux-x86_64-fedora-clang 0.4.3 267.41 NOTE
r-devel-linux-x86_64-fedora-gcc 0.4.3 248.58 NOTE
r-devel-windows-x86_64 0.4.3 28.00 187.00 215.00 NOTE
r-devel-windows-x86_64-gcc10-UCRT 0.4.3 NOTE
r-patched-linux-x86_64 0.4.3 14.71 186.58 201.29 NOTE
r-patched-solaris-x86 0.4.3 77.60 WARN
r-release-linux-x86_64 0.4.3 14.81 182.98 197.79 NOTE
r-release-macos-arm64 0.4.3 NOTE
r-release-macos-x86_64 0.4.3 NOTE
r-release-windows-ix86+x86_64 0.4.3 36.00 199.00 235.00 NOTE
r-oldrel-macos-x86_64 0.4.3 OK
r-oldrel-windows-ix86+x86_64 0.4.3 33.00 236.00 269.00 OK

Check Details

Version: 0.4.3
Check: LazyData
Result: NOTE
     'LazyData' is specified without a 'data' directory
Flavors: r-devel-linux-x86_64-debian-clang, r-devel-linux-x86_64-debian-gcc, r-devel-linux-x86_64-fedora-clang, r-devel-linux-x86_64-fedora-gcc, r-devel-windows-x86_64, r-devel-windows-x86_64-gcc10-UCRT, r-patched-linux-x86_64, r-patched-solaris-x86, r-release-linux-x86_64, r-release-macos-arm64, r-release-macos-x86_64, r-release-windows-ix86+x86_64

Version: 0.4.3
Check: whether package can be installed
Result: WARN
    Found the following significant warnings:
     mapping.cpp:95:58: warning: ISO C++ says that these are ambiguous, even though the worst conversion for the first is better than the worst conversion for the second:
Flavor: r-patched-solaris-x86