CRAN Package Check Results for Package highriskzone

Last updated on 2021-11-01 00:49:40 CET.

Flavor Version Tinstall Tcheck Ttotal Status Flags
r-devel-linux-x86_64-debian-clang 1.4.6 15.68 147.67 163.35 NOTE
r-devel-linux-x86_64-debian-gcc 1.4.6 11.49 109.31 120.80 NOTE
r-devel-linux-x86_64-fedora-clang 1.4.6 209.78 OK
r-devel-linux-x86_64-fedora-gcc 1.4.6 198.01 OK
r-devel-windows-x86_64 1.4.6 24.00 134.00 158.00 OK
r-devel-windows-x86_64-gcc10-UCRT 1.4.6 NOTE
r-patched-linux-x86_64 1.4.6 13.51 140.98 154.49 NOTE
r-patched-solaris-x86 1.4.6 315.10 NOTE
r-release-linux-x86_64 1.4.6 12.54 137.13 149.67 NOTE
r-release-macos-arm64 1.4.6 NOTE
r-release-macos-x86_64 1.4.6 NOTE
r-release-windows-ix86+x86_64 1.4.6 27.00 125.00 152.00 OK
r-oldrel-macos-x86_64 1.4.6 NOTE
r-oldrel-windows-ix86+x86_64 1.4.6 23.00 169.00 192.00 OK

Check Details

Version: 1.4.6
Check: package dependencies
Result: NOTE
    Package suggested but not available for checking: 'INLA'
Flavors: r-devel-linux-x86_64-debian-clang, r-devel-linux-x86_64-debian-gcc, r-devel-windows-x86_64-gcc10-UCRT, r-patched-linux-x86_64, r-patched-solaris-x86, r-release-linux-x86_64, r-release-macos-arm64, r-release-macos-x86_64, r-oldrel-macos-x86_64