CRAN Package Check Results for Package hermiter

Last updated on 2021-11-01 00:49:40 CET.

Flavor Version Tinstall Tcheck Ttotal Status Flags
r-devel-linux-x86_64-debian-clang 2.0.3 23.52 145.88 169.40 OK
r-devel-linux-x86_64-debian-gcc 2.0.3 16.74 100.37 117.11 OK
r-devel-linux-x86_64-fedora-clang 2.0.3 211.25 OK
r-devel-linux-x86_64-fedora-gcc 2.0.3 196.78 OK
r-devel-windows-x86_64 2.0.3 37.00 183.00 220.00 OK
r-devel-windows-x86_64-gcc10-UCRT 2.0.3 OK
r-patched-linux-x86_64 2.0.3 20.50 139.19 159.69 OK
r-patched-solaris-x86 2.0.3 213.90 OK
r-release-linux-x86_64 2.0.3 19.40 139.36 158.76 OK
r-release-macos-arm64 2.0.3 OK
r-release-macos-x86_64 2.0.3 WARN
r-release-windows-ix86+x86_64 2.0.3 49.00 225.00 274.00 OK
r-oldrel-macos-x86_64 2.0.3 WARN
r-oldrel-windows-ix86+x86_64 2.0.3 45.00 271.00 316.00 OK

Check Details

Version: 2.0.3
Check: re-building of vignette outputs
Result: WARN
    Error(s) in re-building vignettes:
    --- re-building ‘hermiter.Rmd’ using rmarkdown
    Warning in engine$weave(file, quiet = quiet, encoding = enc) :
     Pandoc (>= 1.12.3) not available. Falling back to R Markdown v1.
    
    Attaching package: 'dplyr'
    
    The following objects are masked from 'package:stats':
    
     filter, lag
    
    The following objects are masked from 'package:base':
    
     intersect, setdiff, setequal, union
    
    
    Attaching package: 'data.table'
    
    The following objects are masked from 'package:dplyr':
    
     between, first, last
    
    Quitting from lines 542-544 (hermiter.Rmd)
    Error: processing vignette 'hermiter.Rmd' failed with diagnostics:
    invalid 'path' argument
    --- failed re-building ‘hermiter.Rmd’
    
    SUMMARY: processing the following file failed:
     ‘hermiter.Rmd’
    
    Error: Vignette re-building failed.
    Execution halted
Flavor: r-release-macos-x86_64

Version: 2.0.3
Check: re-building of vignette outputs
Result: WARN
    Error(s) in re-building vignettes:
    --- re-building ‘hermiter.Rmd’ using rmarkdown
    Warning in engine$weave(file, quiet = quiet, encoding = enc) :
     Pandoc (>= 1.12.3) and/or pandoc-citeproc not available. Falling back to R Markdown v1.
    
    Attaching package: 'dplyr'
    
    The following objects are masked from 'package:stats':
    
     filter, lag
    
    The following objects are masked from 'package:base':
    
     intersect, setdiff, setequal, union
    
    
    Attaching package: 'data.table'
    
    The following objects are masked from 'package:dplyr':
    
     between, first, last
    
    Quitting from lines 542-544 (hermiter.Rmd)
    Error: processing vignette 'hermiter.Rmd' failed with diagnostics:
    invalid 'path' argument
    --- failed re-building ‘hermiter.Rmd’
    
    SUMMARY: processing the following file failed:
     ‘hermiter.Rmd’
    
    Error: Vignette re-building failed.
    Execution halted
Flavor: r-oldrel-macos-x86_64