CRAN Package Check Results for Package hawkes

Last updated on 2021-11-01 00:49:40 CET.

Flavor Version Tinstall Tcheck Ttotal Status Flags
r-devel-linux-x86_64-debian-clang 0.0-4 31.99 24.12 56.11 OK
r-devel-linux-x86_64-debian-gcc 0.0-4 24.36 19.38 43.74 OK
r-devel-linux-x86_64-fedora-clang 0.0-4 95.58 NOTE
r-devel-linux-x86_64-fedora-gcc 0.0-4 77.16 NOTE
r-devel-windows-x86_64 0.0-4 47.00 57.00 104.00 OK
r-devel-windows-x86_64-gcc10-UCRT 0.0-4 OK
r-patched-linux-x86_64 0.0-4 33.53 24.03 57.56 OK
r-patched-solaris-x86 0.0-4 85.30 OK
r-release-linux-x86_64 0.0-4 30.97 23.30 54.27 OK
r-release-macos-arm64 0.0-4 OK
r-release-macos-x86_64 0.0-4 OK
r-release-windows-ix86+x86_64 0.0-4 71.00 55.00 126.00 OK
r-oldrel-macos-x86_64 0.0-4 OK
r-oldrel-windows-ix86+x86_64 0.0-4 67.00 67.00 134.00 OK

Check Details

Version: 0.0-4
Check: compiled code
Result: NOTE
    File ‘hawkes/libs/hawkes.so’:
     Found no calls to: ‘R_registerRoutines’, ‘R_useDynamicSymbols’
    
    It is good practice to register native routines and to disable symbol
    search.
    
    See ‘Writing portable packages’ in the ‘Writing R Extensions’ manual.
Flavors: r-devel-linux-x86_64-fedora-clang, r-devel-linux-x86_64-fedora-gcc