Last updated on 2021-11-01 00:49:40 CET.
Flavor | Version | Tinstall | Tcheck | Ttotal | Status | Flags |
---|---|---|---|---|---|---|
r-devel-linux-x86_64-debian-clang | 2.2.6.1 | 3.17 | 30.24 | 33.41 | NOTE | |
r-devel-linux-x86_64-debian-gcc | 2.2.6.1 | 2.30 | 24.37 | 26.67 | NOTE | |
r-devel-linux-x86_64-fedora-clang | 2.2.6.1 | 53.19 | NOTE | |||
r-devel-linux-x86_64-fedora-gcc | 2.2.6.1 | 41.68 | NOTE | |||
r-devel-windows-x86_64 | 2.2.6.1 | 7.00 | 52.00 | 59.00 | NOTE | |
r-devel-windows-x86_64-gcc10-UCRT | 2.2.6.1 | NOTE | ||||
r-patched-linux-x86_64 | 2.2.6.1 | 3.24 | 29.76 | 33.00 | NOTE | |
r-patched-solaris-x86 | 2.2.6.1 | 63.40 | NOTE | |||
r-release-linux-x86_64 | 2.2.6.1 | 2.99 | 29.73 | 32.72 | NOTE | |
r-release-macos-arm64 | 2.2.6.1 | NOTE | ||||
r-release-macos-x86_64 | 2.2.6.1 | NOTE | ||||
r-release-windows-ix86+x86_64 | 2.2.6.1 | 9.00 | 41.00 | 50.00 | NOTE | |
r-oldrel-macos-x86_64 | 2.2.6.1 | NOTE | ||||
r-oldrel-windows-ix86+x86_64 | 2.2.6.1 | 7.00 | 52.00 | 59.00 | NOTE |
Version: 2.2.6.1
Check: top-level files
Result: NOTE
File
LICENSE
is not mentioned in the DESCRIPTION file.
Non-standard file/directory found at top level:
'dev'
Flavors: r-devel-linux-x86_64-debian-clang, r-devel-linux-x86_64-debian-gcc, r-devel-linux-x86_64-fedora-clang, r-devel-linux-x86_64-fedora-gcc, r-patched-linux-x86_64, r-release-linux-x86_64
Version: 2.2.6.1
Check: top-level files
Result: NOTE
File
LICENSE
is not mentioned in the DESCRIPTION file.
Flavors: r-devel-windows-x86_64, r-devel-windows-x86_64-gcc10-UCRT, r-patched-solaris-x86, r-release-macos-arm64, r-release-macos-x86_64, r-release-windows-ix86+x86_64, r-oldrel-macos-x86_64, r-oldrel-windows-ix86+x86_64