Last updated on 2021-11-01 00:49:40 CET.
Flavor | Version | Tinstall | Tcheck | Ttotal | Status | Flags |
---|---|---|---|---|---|---|
r-devel-linux-x86_64-debian-clang | 0.1.6 | 5.91 | 99.45 | 105.36 | OK | |
r-devel-linux-x86_64-debian-gcc | 0.1.6 | 4.16 | 76.15 | 80.31 | OK | |
r-devel-linux-x86_64-fedora-clang | 0.1.6 | 139.13 | NOTE | |||
r-devel-linux-x86_64-fedora-gcc | 0.1.6 | 124.06 | OK | |||
r-devel-windows-x86_64 | 0.1.6 | 9.00 | 138.00 | 147.00 | OK | |
r-devel-windows-x86_64-gcc10-UCRT | 0.1.6 | OK | ||||
r-patched-linux-x86_64 | 0.1.6 | 7.70 | 102.97 | 110.67 | OK | |
r-patched-solaris-x86 | 0.1.6 | 148.60 | OK | |||
r-release-linux-x86_64 | 0.1.6 | 5.86 | 101.49 | 107.35 | OK | |
r-release-macos-arm64 | 0.1.6 | OK | ||||
r-release-macos-x86_64 | 0.1.6 | OK | ||||
r-release-windows-ix86+x86_64 | 0.1.6 | 9.00 | 108.00 | 117.00 | OK | |
r-oldrel-macos-x86_64 | 0.1.6 | OK | ||||
r-oldrel-windows-ix86+x86_64 | 0.1.6 | 9.00 | 131.00 | 140.00 | OK |
Version: 0.1.6
Check: Rd cross-references
Result: NOTE
Undeclared package ‘parsnip’ in Rd xrefs
Flavor: r-devel-linux-x86_64-fedora-clang