Last updated on 2021-11-01 00:49:40 CET.
Flavor | Version | Tinstall | Tcheck | Ttotal | Status | Flags |
---|---|---|---|---|---|---|
r-devel-linux-x86_64-debian-clang | 0.0.5 | 57.29 | 113.84 | 171.13 | OK | |
r-devel-linux-x86_64-debian-gcc | 0.0.5 | 42.01 | 74.30 | 116.31 | OK | |
r-devel-linux-x86_64-fedora-clang | 0.0.5 | 226.88 | NOTE | |||
r-devel-linux-x86_64-fedora-gcc | 0.0.5 | 186.79 | OK | |||
r-devel-windows-x86_64 | 0.0.5 | 78.00 | 127.00 | 205.00 | OK | |
r-devel-windows-x86_64-gcc10-UCRT | 0.0.5 | OK | ||||
r-patched-linux-x86_64 | 0.0.5 | 48.46 | 91.33 | 139.79 | OK | |
r-patched-solaris-x86 | 0.0.5 | 198.60 | OK | |||
r-release-linux-x86_64 | 0.0.5 | 49.74 | 92.46 | 142.20 | OK | |
r-release-macos-arm64 | 0.0.5 | NOTE | ||||
r-release-macos-x86_64 | 0.0.5 | NOTE | ||||
r-release-windows-ix86+x86_64 | 0.0.5 | 107.00 | 124.00 | 231.00 | NOTE | |
r-oldrel-macos-x86_64 | 0.0.5 | NOTE | ||||
r-oldrel-windows-ix86+x86_64 | 0.0.5 | 101.00 | 150.00 | 251.00 | NOTE |
Version: 0.0.5
Check: installed package size
Result: NOTE
installed size is 6.4Mb
sub-directories of 1Mb or more:
doc 2.9Mb
libs 2.8Mb
Flavors: r-devel-linux-x86_64-fedora-clang, r-release-macos-arm64, r-release-macos-x86_64, r-release-windows-ix86+x86_64, r-oldrel-macos-x86_64, r-oldrel-windows-ix86+x86_64