CRAN Package Check Results for Package gsl

Last updated on 2021-11-01 00:49:40 CET.

Flavor Version Tinstall Tcheck Ttotal Status Flags
r-devel-linux-x86_64-debian-clang 2.1-7 13.10 58.99 72.09 WARN
r-devel-linux-x86_64-debian-gcc 2.1-7 10.53 44.76 55.29 WARN
r-devel-linux-x86_64-fedora-clang 2.1-7 102.93 WARN
r-devel-linux-x86_64-fedora-gcc 2.1-7 89.93 WARN
r-devel-windows-x86_64 2.1-7 28.00 72.00 100.00 OK
r-devel-windows-x86_64-gcc10-UCRT 2.1-7 OK
r-patched-linux-x86_64 2.1-7 12.50 58.10 70.60 WARN
r-patched-solaris-x86 2.1-7 107.90 OK
r-release-linux-x86_64 2.1-7 13.05 57.76 70.81 WARN
r-release-macos-arm64 2.1-7 OK
r-release-macos-x86_64 2.1-7 OK
r-release-windows-ix86+x86_64 2.1-7 40.00 78.00 118.00 OK
r-oldrel-macos-x86_64 2.1-7 OK
r-oldrel-windows-ix86+x86_64 2.1-7 2.00 4.00 6.00 ERROR

Check Details

Version: 2.1-7
Check: top-level files
Result: WARN
     Output from running autoreconf:
     configure.ac:58: warning: AC_OUTPUT should be used without arguments.
     configure.ac:58: You should run autoupdate.
Flavors: r-devel-linux-x86_64-debian-clang, r-devel-linux-x86_64-debian-gcc, r-patched-linux-x86_64, r-release-linux-x86_64

Version: 2.1-7
Check: top-level files
Result: WARN
     Output from running autoreconf:
     configure.ac:58: warning: AC_OUTPUT should be used without arguments.
     configure.ac:58: You should run autoupdate.
     configure.ac:58: warning: AC_OUTPUT should be used without arguments.
     configure.ac:58: You should run autoupdate.
Flavors: r-devel-linux-x86_64-fedora-clang, r-devel-linux-x86_64-fedora-gcc

Version: 2.1-7
Check: whether package can be installed
Result: ERROR
    Installation failed.
Flavor: r-oldrel-windows-ix86+x86_64