CRAN Package Check Results for Package gsisdecoder

Last updated on 2021-11-01 00:49:40 CET.

Flavor Version Tinstall Tcheck Ttotal Status Flags
r-devel-linux-x86_64-debian-clang 0.0.1 16.23 26.29 42.52 NOTE
r-devel-linux-x86_64-debian-gcc 0.0.1 12.04 20.95 32.99 NOTE
r-devel-linux-x86_64-fedora-clang 0.0.1 70.94 NOTE
r-devel-linux-x86_64-fedora-gcc 0.0.1 54.09 NOTE
r-devel-windows-x86_64 0.0.1 23.00 46.00 69.00 NOTE
r-devel-windows-x86_64-gcc10-UCRT 0.0.1 NOTE
r-patched-linux-x86_64 0.0.1 13.78 25.97 39.75 NOTE
r-patched-solaris-x86 0.0.1 68.80 NOTE
r-release-linux-x86_64 0.0.1 14.61 25.43 40.04 NOTE
r-release-macos-arm64 0.0.1 NOTE
r-release-macos-x86_64 0.0.1 NOTE
r-release-windows-ix86+x86_64 0.0.1 31.00 51.00 82.00 NOTE
r-oldrel-macos-x86_64 0.0.1 OK
r-oldrel-windows-ix86+x86_64 0.0.1 33.00 64.00 97.00 OK

Check Details

Version: 0.0.1
Check: LazyData
Result: NOTE
     'LazyData' is specified without a 'data' directory
Flavors: r-devel-linux-x86_64-debian-clang, r-devel-linux-x86_64-debian-gcc, r-devel-linux-x86_64-fedora-clang, r-devel-linux-x86_64-fedora-gcc, r-devel-windows-x86_64, r-devel-windows-x86_64-gcc10-UCRT, r-patched-linux-x86_64, r-patched-solaris-x86, r-release-linux-x86_64, r-release-macos-arm64, r-release-macos-x86_64, r-release-windows-ix86+x86_64

Version: 0.0.1
Check: Rd cross-references
Result: NOTE
    Undeclared package ‘nflfastR’ in Rd xrefs
Flavor: r-devel-linux-x86_64-fedora-clang