CRAN Package Check Results for Package gridsampler

Last updated on 2021-11-01 00:49:40 CET.

Flavor Version Tinstall Tcheck Ttotal Status Flags
r-devel-linux-x86_64-debian-clang 0.6 5.79 101.51 107.30 OK
r-devel-linux-x86_64-debian-gcc 0.6 4.21 72.35 76.56 OK
r-devel-linux-x86_64-fedora-clang 0.6 138.52 NOTE
r-devel-linux-x86_64-fedora-gcc 0.6 124.71 NOTE
r-devel-windows-x86_64 0.6 11.00 139.00 150.00 OK
r-devel-windows-x86_64-gcc10-UCRT 0.6 NOTE
r-patched-linux-x86_64 0.6 5.29 96.06 101.35 OK
r-patched-solaris-x86 0.6 175.50 NOTE
r-release-linux-x86_64 0.6 5.51 97.04 102.55 OK
r-release-macos-arm64 0.6 NOTE
r-release-macos-x86_64 0.6 NOTE
r-release-windows-ix86+x86_64 0.6 11.00 102.00 113.00 OK
r-oldrel-macos-x86_64 0.6 NOTE
r-oldrel-windows-ix86+x86_64 0.6 11.00 165.00 176.00 OK

Check Details

Version: 0.6
Check: dependencies in R code
Result: NOTE
    Namespace in Imports field not imported from: ‘BiasedUrn’
     All declared Imports should be used.
Flavors: r-devel-linux-x86_64-fedora-clang, r-devel-linux-x86_64-fedora-gcc, r-devel-windows-x86_64-gcc10-UCRT, r-patched-solaris-x86, r-release-macos-arm64, r-release-macos-x86_64, r-oldrel-macos-x86_64