CRAN Package Check Results for Package graphlayouts

Last updated on 2021-11-01 00:49:40 CET.

Flavor Version Tinstall Tcheck Ttotal Status Flags
r-devel-linux-x86_64-debian-clang 0.7.1 71.71 40.56 112.27 OK
r-devel-linux-x86_64-debian-gcc 0.7.1 51.15 31.24 82.39 OK
r-devel-linux-x86_64-fedora-clang 0.7.1 190.77 NOTE
r-devel-linux-x86_64-fedora-gcc 0.7.1 148.75 OK
r-devel-windows-x86_64 0.7.1 98.00 73.00 171.00 OK
r-devel-windows-x86_64-gcc10-UCRT 0.7.1 OK
r-patched-linux-x86_64 0.7.1 62.70 38.68 101.38 OK
r-patched-solaris-x86 0.7.1 146.50 OK
r-release-linux-x86_64 0.7.1 60.97 38.76 99.73 OK
r-release-macos-arm64 0.7.1 NOTE
r-release-macos-x86_64 0.7.1 NOTE
r-release-windows-ix86+x86_64 0.7.1 125.00 77.00 202.00 OK
r-oldrel-macos-x86_64 0.7.1 NOTE
r-oldrel-windows-ix86+x86_64 0.7.1 134.00 93.00 227.00 OK

Check Details

Version: 0.7.1
Check: installed package size
Result: NOTE
     installed size is 5.6Mb
     sub-directories of 1Mb or more:
     help 2.4Mb
     libs 3.0Mb
Flavors: r-devel-linux-x86_64-fedora-clang, r-release-macos-arm64, r-release-macos-x86_64, r-oldrel-macos-x86_64