Last updated on 2021-11-01 00:49:40 CET.
Flavor | Version | Tinstall | Tcheck | Ttotal | Status | Flags |
---|---|---|---|---|---|---|
r-devel-linux-x86_64-debian-clang | 1.2.0 | 15.35 | 173.25 | 188.60 | OK | |
r-devel-linux-x86_64-debian-gcc | 1.2.0 | 10.14 | 127.05 | 137.19 | OK | |
r-devel-linux-x86_64-fedora-clang | 1.2.0 | 239.68 | NOTE | |||
r-devel-linux-x86_64-fedora-gcc | 1.2.0 | 218.06 | NOTE | |||
r-devel-windows-x86_64 | 1.2.0 | 23.00 | 214.00 | 237.00 | OK | |
r-devel-windows-x86_64-gcc10-UCRT | 1.2.0 | NOTE | ||||
r-patched-linux-x86_64 | 1.2.0 | 15.52 | 179.32 | 194.84 | OK | |
r-patched-solaris-x86 | 1.2.0 | 222.60 | NOTE | |||
r-release-linux-x86_64 | 1.2.0 | 12.38 | 178.75 | 191.13 | OK | |
r-release-macos-arm64 | 1.2.0 | NOTE | ||||
r-release-macos-x86_64 | 1.2.0 | NOTE | ||||
r-release-windows-ix86+x86_64 | 1.2.0 | 23.00 | 196.00 | 219.00 | OK | |
r-oldrel-macos-x86_64 | 1.2.0 | NOTE | ||||
r-oldrel-windows-ix86+x86_64 | 1.2.0 | 21.00 | 247.00 | 268.00 | OK |
Version: 1.2.0
Check: package dependencies
Result: NOTE
Imports includes 23 non-default packages.
Importing from so many packages makes the package vulnerable to any of
them becoming unavailable. Move as many as possible to Suggests and
use conditionally.
Flavor: r-devel-linux-x86_64-fedora-clang
Version: 1.2.0
Check: dependencies in R code
Result: NOTE
Namespaces in Imports field not imported from:
‘Rdpack’ ‘knitr’ ‘rmarkdown’ ‘spatstat.core’
All declared Imports should be used.
Flavors: r-devel-linux-x86_64-fedora-clang, r-devel-linux-x86_64-fedora-gcc, r-devel-windows-x86_64-gcc10-UCRT, r-patched-solaris-x86, r-release-macos-arm64, r-release-macos-x86_64, r-oldrel-macos-x86_64