CRAN Package Check Results for Package glme

Last updated on 2021-11-01 00:49:39 CET.

Flavor Version Tinstall Tcheck Ttotal Status Flags
r-devel-linux-x86_64-debian-clang 0.1.0 6.15 47.92 54.07 NOTE
r-devel-linux-x86_64-debian-gcc 0.1.0 4.12 35.81 39.93 NOTE
r-devel-linux-x86_64-fedora-clang 0.1.0 74.39 NOTE
r-devel-linux-x86_64-fedora-gcc 0.1.0 61.20 NOTE
r-devel-windows-x86_64 0.1.0 9.00 67.00 76.00 NOTE
r-devel-windows-x86_64-gcc10-UCRT 0.1.0 NOTE
r-patched-linux-x86_64 0.1.0 4.66 43.82 48.48 NOTE
r-patched-solaris-x86 0.1.0 86.30 NOTE
r-release-linux-x86_64 0.1.0 5.15 43.64 48.79 NOTE
r-release-macos-arm64 0.1.0 NOTE
r-release-macos-x86_64 0.1.0 NOTE
r-release-windows-ix86+x86_64 0.1.0 10.00 48.00 58.00 NOTE
r-oldrel-macos-x86_64 0.1.0 OK
r-oldrel-windows-ix86+x86_64 0.1.0 12.00 52.00 64.00 OK

Check Details

Version: 0.1.0
Check: LazyData
Result: NOTE
     'LazyData' is specified without a 'data' directory
Flavors: r-devel-linux-x86_64-debian-clang, r-devel-linux-x86_64-debian-gcc, r-devel-linux-x86_64-fedora-clang, r-devel-linux-x86_64-fedora-gcc, r-devel-windows-x86_64, r-devel-windows-x86_64-gcc10-UCRT, r-patched-linux-x86_64, r-patched-solaris-x86, r-release-linux-x86_64, r-release-macos-arm64, r-release-macos-x86_64, r-release-windows-ix86+x86_64