Last updated on 2021-11-01 00:49:39 CET.
Flavor | Version | Tinstall | Tcheck | Ttotal | Status | Flags |
---|---|---|---|---|---|---|
r-devel-linux-x86_64-debian-clang | 1.3.1 | 256.32 | 236.68 | 493.00 | OK | |
r-devel-linux-x86_64-debian-gcc | 1.3.1 | 230.19 | 190.45 | 420.64 | OK | |
r-devel-linux-x86_64-fedora-clang | 1.3.1 | 676.71 | NOTE | |||
r-devel-linux-x86_64-fedora-gcc | 1.3.1 | 700.79 | OK | |||
r-devel-windows-x86_64 | 1.3.1 | 272.00 | 339.00 | 611.00 | NOTE | |
r-devel-windows-x86_64-gcc10-UCRT | 1.3.1 | OK | ||||
r-patched-linux-x86_64 | 1.3.1 | 238.92 | 291.47 | 530.39 | OK | |
r-patched-solaris-x86 | 1.3.1 | 677.80 | OK | |||
r-release-linux-x86_64 | 1.3.1 | 249.59 | 296.29 | 545.88 | OK | |
r-release-macos-arm64 | 1.3.1 | NOTE | ||||
r-release-macos-x86_64 | 1.3.1 | NOTE | ||||
r-release-windows-ix86+x86_64 | 1.3.1 | 366.00 | 356.00 | 722.00 | NOTE | |
r-oldrel-macos-x86_64 | 1.3.1 | NOTE | ||||
r-oldrel-windows-ix86+x86_64 | 1.3.1 | 373.00 | 413.00 | 786.00 | NOTE |
Version: 1.3.1
Check: installed package size
Result: NOTE
installed size is 88.5Mb
sub-directories of 1Mb or more:
libs 87.8Mb
Flavors: r-devel-linux-x86_64-fedora-clang, r-devel-windows-x86_64, r-release-macos-arm64, r-release-macos-x86_64, r-release-windows-ix86+x86_64, r-oldrel-macos-x86_64, r-oldrel-windows-ix86+x86_64