Last updated on 2021-11-01 00:49:39 CET.
Flavor | Version | Tinstall | Tcheck | Ttotal | Status | Flags |
---|---|---|---|---|---|---|
r-devel-linux-x86_64-debian-clang | 0.1 | 4.66 | 40.56 | 45.22 | NOTE | |
r-devel-linux-x86_64-debian-gcc | 0.1 | 3.36 | 30.59 | 33.95 | NOTE | |
r-devel-linux-x86_64-fedora-clang | 0.1 | 65.18 | NOTE | |||
r-devel-linux-x86_64-fedora-gcc | 0.1 | 52.68 | NOTE | |||
r-devel-windows-x86_64 | 0.1 | 9.00 | 63.00 | 72.00 | NOTE | |
r-devel-windows-x86_64-gcc10-UCRT | 0.1 | NOTE | ||||
r-patched-linux-x86_64 | 0.1 | 4.91 | 38.44 | 43.35 | NOTE | |
r-patched-solaris-x86 | 0.1 | 80.50 | NOTE | |||
r-release-linux-x86_64 | 0.1 | 5.05 | 37.99 | 43.04 | NOTE | |
r-release-macos-arm64 | 0.1 | NOTE | ||||
r-release-macos-x86_64 | 0.1 | NOTE | ||||
r-release-windows-ix86+x86_64 | 0.1 | 9.00 | 49.00 | 58.00 | NOTE | |
r-oldrel-macos-x86_64 | 0.1 | OK | ||||
r-oldrel-windows-ix86+x86_64 | 0.1 | 9.00 | 47.00 | 56.00 | OK |
Version: 0.1
Check: LazyData
Result: NOTE
'LazyData' is specified without a 'data' directory
Flavors: r-devel-linux-x86_64-debian-clang, r-devel-linux-x86_64-debian-gcc, r-devel-linux-x86_64-fedora-clang, r-devel-linux-x86_64-fedora-gcc, r-devel-windows-x86_64, r-devel-windows-x86_64-gcc10-UCRT, r-patched-linux-x86_64, r-patched-solaris-x86, r-release-linux-x86_64, r-release-macos-arm64, r-release-macos-x86_64, r-release-windows-ix86+x86_64