Last updated on 2021-11-01 00:49:39 CET.
Flavor | Version | Tinstall | Tcheck | Ttotal | Status | Flags |
---|---|---|---|---|---|---|
r-devel-linux-x86_64-debian-clang | 0.9.0 | 10.94 | 216.96 | 227.90 | OK | |
r-devel-linux-x86_64-debian-gcc | 0.9.0 | 8.17 | 160.22 | 168.39 | OK | |
r-devel-linux-x86_64-fedora-clang | 0.9.0 | 285.87 | NOTE | |||
r-devel-linux-x86_64-fedora-gcc | 0.9.0 | 278.48 | NOTE | |||
r-devel-windows-x86_64 | 0.9.0 | 23.00 | 227.00 | 250.00 | OK | |
r-devel-windows-x86_64-gcc10-UCRT | 0.9.0 | NOTE | ||||
r-patched-linux-x86_64 | 0.9.0 | 13.04 | 208.35 | 221.39 | OK | |
r-patched-solaris-x86 | 0.9.0 | 360.00 | NOTE | |||
r-release-linux-x86_64 | 0.9.0 | 11.39 | 205.57 | 216.96 | OK | |
r-release-macos-arm64 | 0.9.0 | NOTE | ||||
r-release-macos-x86_64 | 0.9.0 | NOTE | ||||
r-release-windows-ix86+x86_64 | 0.9.0 | 26.00 | 179.00 | 205.00 | OK | |
r-oldrel-macos-x86_64 | 0.9.0 | NOTE | ||||
r-oldrel-windows-ix86+x86_64 | 0.9.0 | 28.00 | 175.00 | 203.00 | OK |
Version: 0.9.0
Check: dependencies in R code
Result: NOTE
Namespace in Imports field not imported from: ‘datawizard’
All declared Imports should be used.
Flavors: r-devel-linux-x86_64-fedora-clang, r-devel-linux-x86_64-fedora-gcc, r-devel-windows-x86_64-gcc10-UCRT, r-patched-solaris-x86, r-release-macos-arm64, r-release-macos-x86_64, r-oldrel-macos-x86_64
Version: 0.9.0
Check: Rd cross-references
Result: NOTE
Undeclared package ‘BayesFactor’ in Rd xrefs
Flavor: r-devel-linux-x86_64-fedora-clang