Last updated on 2021-11-01 00:49:39 CET.
Flavor | Version | Tinstall | Tcheck | Ttotal | Status | Flags |
---|---|---|---|---|---|---|
r-devel-linux-x86_64-debian-clang | 0.3.5 | 6.50 | 65.84 | 72.34 | NOTE | |
r-devel-linux-x86_64-debian-gcc | 0.3.5 | 5.20 | 49.12 | 54.32 | NOTE | |
r-devel-linux-x86_64-fedora-clang | 0.3.5 | 99.56 | NOTE | |||
r-devel-linux-x86_64-fedora-gcc | 0.3.5 | 83.07 | NOTE | |||
r-devel-windows-x86_64 | 0.3.5 | 12.00 | 85.00 | 97.00 | NOTE | |
r-devel-windows-x86_64-gcc10-UCRT | 0.3.5 | NOTE | ||||
r-patched-linux-x86_64 | 0.3.5 | 8.61 | 61.84 | 70.45 | NOTE | |
r-patched-solaris-x86 | 0.3.5 | 114.70 | NOTE | |||
r-release-linux-x86_64 | 0.3.5 | 6.34 | 62.31 | 68.65 | NOTE | |
r-release-macos-arm64 | 0.3.5 | NOTE | ||||
r-release-macos-x86_64 | 0.3.5 | NOTE | ||||
r-release-windows-ix86+x86_64 | 0.3.5 | 12.00 | 68.00 | 80.00 | NOTE | |
r-oldrel-macos-x86_64 | 0.3.5 | OK | ||||
r-oldrel-windows-ix86+x86_64 | 0.3.5 | 12.00 | 77.00 | 89.00 | OK |
Version: 0.3.5
Check: LazyData
Result: NOTE
'LazyData' is specified without a 'data' directory
Flavors: r-devel-linux-x86_64-debian-clang, r-devel-linux-x86_64-debian-gcc, r-devel-linux-x86_64-fedora-clang, r-devel-linux-x86_64-fedora-gcc, r-devel-windows-x86_64, r-devel-windows-x86_64-gcc10-UCRT, r-patched-linux-x86_64, r-patched-solaris-x86, r-release-linux-x86_64, r-release-macos-arm64, r-release-macos-x86_64, r-release-windows-ix86+x86_64