CRAN Package Check Results for Package ggseg3d

Last updated on 2021-11-01 00:49:39 CET.

Flavor Version Tinstall Tcheck Ttotal Status Flags
r-devel-linux-x86_64-debian-clang 1.6.3 19.96 83.46 103.42 OK
r-devel-linux-x86_64-debian-gcc 1.6.3 16.63 63.01 79.64 OK
r-devel-linux-x86_64-fedora-clang 1.6.3 134.12 NOTE
r-devel-linux-x86_64-fedora-gcc 1.6.3 118.98 NOTE
r-devel-windows-x86_64 1.6.3 25.00 108.00 133.00 OK
r-devel-windows-x86_64-gcc10-UCRT 1.6.3 NOTE
r-patched-linux-x86_64 1.6.3 16.90 79.63 96.53 OK
r-patched-solaris-x86 1.6.3 180.10 NOTE
r-release-linux-x86_64 1.6.3 16.95 79.32 96.27 OK
r-release-macos-arm64 1.6.3 NOTE
r-release-macos-x86_64 1.6.3 NOTE
r-release-windows-ix86+x86_64 1.6.3 23.00 83.00 106.00 OK
r-oldrel-macos-x86_64 1.6.3 NOTE
r-oldrel-windows-ix86+x86_64 1.6.3 24.00 78.00 102.00 OK

Check Details

Version: 1.6.3
Check: dependencies in R code
Result: NOTE
    Namespaces in Imports field not imported from:
     ‘magrittr’ ‘utils’
     All declared Imports should be used.
Flavors: r-devel-linux-x86_64-fedora-clang, r-devel-linux-x86_64-fedora-gcc, r-devel-windows-x86_64-gcc10-UCRT, r-patched-solaris-x86, r-release-macos-arm64, r-release-macos-x86_64, r-oldrel-macos-x86_64