Last updated on 2021-11-01 00:49:39 CET.
Flavor | Version | Tinstall | Tcheck | Ttotal | Status | Flags |
---|---|---|---|---|---|---|
r-devel-linux-x86_64-debian-clang | 1.3 | 13.86 | 114.44 | 128.30 | OK | |
r-devel-linux-x86_64-debian-gcc | 1.3 | 14.71 | 103.97 | 118.68 | OK | |
r-devel-linux-x86_64-fedora-clang | 1.3 | 199.25 | NOTE | |||
r-devel-linux-x86_64-fedora-gcc | 1.3 | 149.30 | NOTE | |||
r-devel-windows-x86_64 | 1.3 | 22.00 | 138.00 | 160.00 | OK | |
r-devel-windows-x86_64-gcc10-UCRT | 1.3 | NOTE | ||||
r-patched-linux-x86_64 | 1.3 | 13.68 | 110.88 | 124.56 | OK | |
r-patched-solaris-x86 | 1.3 | 214.90 | NOTE | |||
r-release-linux-x86_64 | 1.3 | 16.16 | 133.45 | 149.61 | OK | |
r-release-macos-arm64 | 1.3 | NOTE | ||||
r-release-macos-x86_64 | 1.3 | NOTE | ||||
r-release-windows-ix86+x86_64 | 1.3 | 24.00 | 102.00 | 126.00 | OK | |
r-oldrel-macos-x86_64 | 1.3 | NOTE | ||||
r-oldrel-windows-ix86+x86_64 | 1.3 | 24.00 | 106.00 | 130.00 | OK |
Version: 1.3
Check: dependencies in R code
Result: NOTE
Namespaces in Imports field not imported from:
‘nomogramFormula’ ‘survival’
All declared Imports should be used.
Flavors: r-devel-linux-x86_64-fedora-clang, r-devel-linux-x86_64-fedora-gcc, r-devel-windows-x86_64-gcc10-UCRT, r-patched-solaris-x86, r-release-macos-arm64, r-release-macos-x86_64, r-oldrel-macos-x86_64