Last updated on 2021-11-01 00:49:39 CET.
Flavor | Version | Tinstall | Tcheck | Ttotal | Status | Flags |
---|---|---|---|---|---|---|
r-devel-linux-x86_64-debian-clang | 0.3.0 | 4.11 | 46.19 | 50.30 | OK | |
r-devel-linux-x86_64-debian-gcc | 0.3.0 | 3.54 | 35.06 | 38.60 | OK | |
r-devel-linux-x86_64-fedora-clang | 0.3.0 | 73.49 | OK | |||
r-devel-linux-x86_64-fedora-gcc | 0.3.0 | 61.80 | OK | |||
r-devel-windows-x86_64 | 0.3.0 | 7.00 | 50.00 | 57.00 | OK | |
r-devel-windows-x86_64-gcc10-UCRT | 0.2.0 | NOTE | ||||
r-patched-linux-x86_64 | 0.2.0 | 8.90 | 42.82 | 51.72 | NOTE | |
r-patched-solaris-x86 | 0.3.0 | 89.10 | OK | |||
r-release-linux-x86_64 | 0.3.0 | 3.63 | 44.14 | 47.77 | OK | |
r-release-macos-arm64 | 0.3.0 | OK | ||||
r-release-macos-x86_64 | 0.3.0 | OK | ||||
r-release-windows-ix86+x86_64 | 0.2.0 | 10.00 | 47.00 | 57.00 | NOTE | |
r-oldrel-macos-x86_64 | 0.3.0 | OK | ||||
r-oldrel-windows-ix86+x86_64 | 0.3.0 | 9.00 | 60.00 | 69.00 | OK |
Version: 0.2.0
Check: LazyData
Result: NOTE
'LazyData' is specified without a 'data' directory
Flavors: r-devel-windows-x86_64-gcc10-UCRT, r-patched-linux-x86_64, r-release-windows-ix86+x86_64