Last updated on 2021-11-01 00:49:39 CET.
Flavor | Version | Tinstall | Tcheck | Ttotal | Status | Flags |
---|---|---|---|---|---|---|
r-devel-linux-x86_64-debian-clang | 0.5.10 | 5.61 | 73.89 | 79.50 | OK | |
r-devel-linux-x86_64-debian-gcc | 0.5.10 | 3.84 | 55.26 | 59.10 | OK | |
r-devel-linux-x86_64-fedora-clang | 0.5.10 | 109.77 | NOTE | |||
r-devel-linux-x86_64-fedora-gcc | 0.5.10 | 91.21 | NOTE | |||
r-devel-windows-x86_64 | 0.5.10 | 9.00 | 110.00 | 119.00 | OK | |
r-devel-windows-x86_64-gcc10-UCRT | 0.5.10 | NOTE | ||||
r-patched-linux-x86_64 | 0.5.10 | 10.15 | 68.65 | 78.80 | OK | |
r-patched-solaris-x86 | 0.5.10 | 104.80 | NOTE | |||
r-release-linux-x86_64 | 0.5.10 | 4.12 | 68.16 | 72.28 | OK | |
r-release-macos-arm64 | 0.5.10 | NOTE | ||||
r-release-macos-x86_64 | 0.5.10 | NOTE | ||||
r-release-windows-ix86+x86_64 | 0.5.10 | 9.00 | 72.00 | 81.00 | OK | |
r-oldrel-macos-x86_64 | 0.5.10 | NOTE | ||||
r-oldrel-windows-ix86+x86_64 | 0.5.10 | 12.00 | 100.00 | 112.00 | OK |
Version: 0.5.10
Check: dependencies in R code
Result: NOTE
Namespaces in Imports field not imported from:
‘sna’ ‘utils’
All declared Imports should be used.
Flavors: r-devel-linux-x86_64-fedora-clang, r-devel-linux-x86_64-fedora-gcc, r-devel-windows-x86_64-gcc10-UCRT, r-patched-solaris-x86, r-release-macos-arm64, r-release-macos-x86_64, r-oldrel-macos-x86_64