Last updated on 2021-11-01 00:49:39 CET.
Flavor | Version | Tinstall | Tcheck | Ttotal | Status | Flags |
---|---|---|---|---|---|---|
r-devel-linux-x86_64-debian-clang | 3.0.0 | 14.61 | 84.41 | 99.02 | OK | |
r-devel-linux-x86_64-debian-gcc | 3.0.0 | 10.86 | 63.12 | 73.98 | OK | |
r-devel-linux-x86_64-fedora-clang | 3.0.0 | 132.73 | OK | |||
r-devel-linux-x86_64-fedora-gcc | 3.0.0 | 111.71 | OK | |||
r-devel-windows-x86_64 | 3.0.0 | 20.00 | 112.00 | 132.00 | OK | |
r-devel-windows-x86_64-gcc10-UCRT | 3.0.0 | OK | ||||
r-patched-linux-x86_64 | 3.0.0 | 18.46 | 80.41 | 98.87 | OK | |
r-patched-solaris-x86 | 3.0.0 | 158.60 | NOTE | |||
r-release-linux-x86_64 | 3.0.0 | 11.10 | 79.66 | 90.76 | OK | |
r-release-macos-arm64 | 3.0.0 | OK | ||||
r-release-macos-x86_64 | 3.0.0 | OK | ||||
r-release-windows-ix86+x86_64 | 3.0.0 | 17.00 | 77.00 | 94.00 | OK | |
r-oldrel-macos-x86_64 | 3.0.0 | OK | ||||
r-oldrel-windows-ix86+x86_64 | 3.0.0 | 19.00 | 81.00 | 100.00 | OK |
Version: 3.0.0
Check: installed package size
Result: NOTE
installed size is 5.1Mb
sub-directories of 1Mb or more:
data 4.5Mb
Flavor: r-patched-solaris-x86