Last updated on 2021-11-01 00:49:39 CET.
Flavor | Version | Tinstall | Tcheck | Ttotal | Status | Flags |
---|---|---|---|---|---|---|
r-devel-linux-x86_64-debian-clang | 1.1.1 | 9.15 | 364.09 | 373.24 | OK | |
r-devel-linux-x86_64-debian-gcc | 1.1.1 | 7.43 | 258.02 | 265.45 | OK | |
r-devel-linux-x86_64-fedora-clang | 1.1.1 | 461.24 | OK | |||
r-devel-linux-x86_64-fedora-gcc | 1.1.1 | 451.74 | OK | |||
r-devel-windows-x86_64 | 1.1.1 | 14.00 | 488.00 | 502.00 | OK | |
r-devel-windows-x86_64-gcc10-UCRT | 1.1.1 | OK | ||||
r-patched-linux-x86_64 | 1.1.1 | 8.16 | 342.84 | 351.00 | OK | |
r-patched-solaris-x86 | 1.1.1 | 140.20 | NOTE | |||
r-release-linux-x86_64 | 1.1.1 | 7.85 | 336.01 | 343.86 | OK | |
r-release-macos-arm64 | 1.1.1 | OK | ||||
r-release-macos-x86_64 | 1.1.1 | OK | ||||
r-release-windows-ix86+x86_64 | 1.1.1 | 14.00 | 367.00 | 381.00 | OK | |
r-oldrel-macos-x86_64 | 1.1.1 | OK | ||||
r-oldrel-windows-ix86+x86_64 | 1.1.1 | 11.00 | 369.00 | 380.00 | OK |
Version: 1.1.1
Check: package dependencies
Result: NOTE
Package suggested but not available for checking: ‘glmmTMB’
Flavor: r-patched-solaris-x86