CRAN Package Check Results for Package ggedit

Last updated on 2021-11-01 00:49:39 CET.

Flavor Version Tinstall Tcheck Ttotal Status Flags
r-devel-linux-x86_64-debian-clang 0.3.1 9.64 94.48 104.12 OK
r-devel-linux-x86_64-debian-gcc 0.3.1 8.60 70.71 79.31 OK
r-devel-linux-x86_64-fedora-clang 0.3.1 139.43 NOTE
r-devel-linux-x86_64-fedora-gcc 0.3.1 122.69 NOTE
r-devel-windows-x86_64 0.3.1 17.00 124.00 141.00 OK
r-devel-windows-x86_64-gcc10-UCRT 0.3.1 NOTE
r-patched-linux-x86_64 0.3.1 9.69 92.16 101.85 OK
r-patched-solaris-x86 0.3.1 160.10 NOTE
r-release-linux-x86_64 0.3.1 8.81 89.74 98.55 OK
r-release-macos-arm64 0.3.1 NOTE
r-release-macos-x86_64 0.3.1 NOTE
r-release-windows-ix86+x86_64 0.3.1 15.00 94.00 109.00 OK
r-oldrel-macos-x86_64 0.3.1 NOTE
r-oldrel-windows-ix86+x86_64 0.3.1 16.00 105.00 121.00 OK

Check Details

Version: 0.3.1
Check: dependencies in R code
Result: NOTE
    Namespace in Imports field not imported from: ‘magrittr’
     All declared Imports should be used.
Flavors: r-devel-linux-x86_64-fedora-clang, r-devel-linux-x86_64-fedora-gcc, r-devel-windows-x86_64-gcc10-UCRT, r-patched-solaris-x86, r-release-macos-arm64, r-release-macos-x86_64, r-oldrel-macos-x86_64