Last updated on 2021-11-01 00:49:39 CET.
Flavor | Version | Tinstall | Tcheck | Ttotal | Status | Flags |
---|---|---|---|---|---|---|
r-devel-linux-x86_64-debian-clang | 0.1.22 | 4.98 | 65.46 | 70.44 | NOTE | |
r-devel-linux-x86_64-debian-gcc | 0.1.22 | 4.18 | 48.53 | 52.71 | NOTE | |
r-devel-linux-x86_64-fedora-clang | 0.1.22 | 95.15 | NOTE | |||
r-devel-linux-x86_64-fedora-gcc | 0.1.22 | 81.82 | NOTE | |||
r-devel-windows-x86_64 | 0.1.22 | 10.00 | 89.00 | 99.00 | NOTE | |
r-devel-windows-x86_64-gcc10-UCRT | 0.1.22 | NOTE | ||||
r-patched-linux-x86_64 | 0.1.22 | 4.74 | 62.72 | 67.46 | NOTE | |
r-patched-solaris-x86 | 0.1.22 | 103.20 | NOTE | |||
r-release-linux-x86_64 | 0.1.22 | 4.95 | 61.49 | 66.44 | NOTE | |
r-release-macos-arm64 | 0.1.22 | NOTE | ||||
r-release-macos-x86_64 | 0.1.22 | NOTE | ||||
r-release-windows-ix86+x86_64 | 0.1.22 | 9.00 | 66.00 | 75.00 | NOTE | |
r-oldrel-macos-x86_64 | 0.1.22 | OK | ||||
r-oldrel-windows-ix86+x86_64 | 0.1.22 | 12.00 | 72.00 | 84.00 | OK |
Version: 0.1.22
Check: LazyData
Result: NOTE
'LazyData' is specified without a 'data' directory
Flavors: r-devel-linux-x86_64-debian-clang, r-devel-linux-x86_64-debian-gcc, r-devel-linux-x86_64-fedora-clang, r-devel-linux-x86_64-fedora-gcc, r-devel-windows-x86_64, r-devel-windows-x86_64-gcc10-UCRT, r-patched-linux-x86_64, r-patched-solaris-x86, r-release-linux-x86_64, r-release-macos-arm64, r-release-macos-x86_64, r-release-windows-ix86+x86_64