Last updated on 2021-11-01 00:49:39 CET.
Flavor | Version | Tinstall | Tcheck | Ttotal | Status | Flags |
---|---|---|---|---|---|---|
r-devel-linux-x86_64-debian-clang | 1.0.7 | 12.06 | 210.04 | 222.10 | NOTE | |
r-devel-linux-x86_64-debian-gcc | 1.0.7 | 9.89 | 152.11 | 162.00 | NOTE | |
r-devel-linux-x86_64-fedora-clang | 1.0.7 | 280.50 | NOTE | |||
r-devel-linux-x86_64-fedora-gcc | 1.0.7 | 267.38 | NOTE | |||
r-devel-windows-x86_64 | 1.0.7 | 20.00 | 225.00 | 245.00 | NOTE | |
r-devel-windows-x86_64-gcc10-UCRT | 1.0.7 | NOTE | ||||
r-patched-linux-x86_64 | 1.0.7 | 12.26 | 199.39 | 211.65 | NOTE | |
r-patched-solaris-x86 | 1.0.7 | 134.50 | NOTE | |||
r-release-linux-x86_64 | 1.0.7 | 10.36 | 194.08 | 204.44 | NOTE | |
r-release-macos-arm64 | 1.0.7 | NOTE | ||||
r-release-macos-x86_64 | 1.0.7 | NOTE | ||||
r-release-windows-ix86+x86_64 | 1.0.7 | 16.00 | 170.00 | 186.00 | NOTE | |
r-oldrel-macos-x86_64 | 1.0.7 | OK | ||||
r-oldrel-windows-ix86+x86_64 | 1.0.7 | 19.00 | 186.00 | 205.00 | OK |
Version: 1.0.7
Check: LazyData
Result: NOTE
'LazyData' is specified without a 'data' directory
Flavors: r-devel-linux-x86_64-debian-clang, r-devel-linux-x86_64-debian-gcc, r-devel-linux-x86_64-fedora-clang, r-devel-linux-x86_64-fedora-gcc, r-devel-windows-x86_64, r-devel-windows-x86_64-gcc10-UCRT, r-patched-linux-x86_64, r-patched-solaris-x86, r-release-linux-x86_64, r-release-macos-arm64, r-release-macos-x86_64, r-release-windows-ix86+x86_64
Version: 1.0.7
Check: package dependencies
Result: NOTE
Packages suggested but not available for checking: 'av', 'gifski'
Flavor: r-patched-solaris-x86